mainder when j is divided by i?
3
Let d be ((-4)/8)/(2/4). Let b(t) = 10*t**2 - 2*t - 2. What is the remainder when b(d) is divided by 6?
4
Suppose -83 = -3*p - 38. Suppose -5*x = -15, 2*s - 2*x = -x + 115. Calculate the remainder when s is divided by p.
14
Suppose -4*v + 30 = g - 2*v, 3*g = 2*v + 66. Suppose 2*u - 4047 = 6*u - 4427. What is the remainder when u is divided by g?
23
Suppose 0 = 4*m + 4*d - 4 - 0, d - 3 = 0. What is the remainder when (-3552)/(-72) - m/(-6) is divided by (-1)/(-2) - (-25)/2?
10
Let d(n) = n**2 + 62*n + 413. What is the remainder when 391 is divided by d(-7)?
27
Let u be (20 - (-6 - -4))/(-2 - -3). Suppose -2*d - 3*t + 54 = 0, 2*d + 4*t - 32 - u = 0. Calculate the remainder when 51 is divided by d.
24
Suppose 28*m - 35*m + 147 = 0. Suppose 0 = 3*b - 3*c - 192, 25 = -2*c - 3*c. What is the remainder when b is divided by m?
17
Let a = 543 - 512. What is the remainder when 519 is divided by a?
23
Let r = 1470 + -1432. What is the remainder when 188 is divided by r?
36
Let g be (3/3)/(1/2). Let b be 3/g + (-30)/(-20). Suppose -b*x + 2 + 13 = 0. What is the remainder when x is divided by 3?
2
Let v(n) = n**2 - 4. Suppose -3*g + 25 + 23 = 0. Suppose -g*t = -18*t - 10. What is the remainder when v(t) is divided by 12?
9
Let j = 14 + -3. Calculate the remainder when (287/(-28))/(1/(-4)) is divided by j.
8
Let c = -2604 - -2615. Let f(v) = 6*v**2 + 3*v - 2. What is the remainder when f(2) is divided by c?
6
Let u = 178 - 141. What is the remainder when u is divided by 20?
17
Let z be 1/(-2*(-1)/26). Suppose 10 = 3*p - 2. Suppose 3*v = -7*u + 4*u + 39, p*v = -u + z. What is the remainder when u is divided by 3?
1
Let r(o) = o**3 - 66*o**2 + 64*o + 107. Calculate the remainder when r(65) is divided by 19.
4
Suppose -3*y + j - 7 = 0, -1 - 8 = 5*y - j. Let k be 1*y*(-3)/(-3). What is the remainder when k/((-1)/(-2)) - -49 is divided by 25?
22
Suppose -2*i - 4*j = 68, 5*j - 157 = -2*i + 5*i. Let t = 123 + i. What is the remainder when t is divided by ((-54)/(-8))/(2/8)?
25
Let d be 45/(-10) - (-1)/2. Suppose -18 = -k + 4. Calculate the remainder when ((-5)/3)/(d/204) is divided by k.
19
Suppose 79 = 4*x - 41. Suppose 1424 + 7648 = 81*w. What is the remainder when w is divided by x?
22
Suppose -52*v = -48*v - 12, -5*l + 3*v + 36 = 0. What is the remainder when 348 is divided by l?
6
Suppose -15 = -6*b + 27. Let t(j) = -j**3 + 1. Let c be t(-1). Suppose -3*d = -c*d - 19. What is the remainder when d is divided by b?
5
Let s be 12/20 + (-7)/(-5). Let k = s + 1. Let l = 13 - k. What is the remainder when 27 is divided by l?
7
Suppose -258 + 90 = -12*a. Suppose -a*h + 18*h = 64. What is the remainder when 47 is divided by h?
15
Let i(y) = 3*y**2 + 7*y - 5. Let p(b) = b**3 + 7*b**2 + 10*b - 4. Let s be p(-5). Calculate the remainder when 117 is divided by i(s).
12
Let b = -274 + 520. What is the remainder when b is divided by 50?
46
Let m = 27 + -20. Let w(r) = -4*r + 14. Let u be w(m). Calculate the remainder when 104 is divided by (-508)/u + 38/(-133).
32
Suppose 4*v = 5*k - 183, -3*k + 18*v - 23*v + 95 = 0. What is the remainder when 173 is divided by k?
33
Suppose -3*p - 3*f + 9 = 0, -3*f + 22 = 5*p + 1. Let k(i) = 3 + 2*i - 6 - 1. What is the remainder when 31 is divided by k(p)?
7
Suppose 4*b = -12, 0 = -5*y + b + b + 46. Calculate the remainder when 61 is divided by ((-12)/y)/((-3)/42).
19
Let b be (10 + -1)*20/30. Let f be 74/(-3)*(-9)/b. Suppose 0 = 4*l + 4*k - 24, -2*l + 2*k + f = 3*l. What is the remainder when l is divided by 3?
1
Let j = -226 - -271. What is the remainder when j is divided by 8?
5
Suppose 1072 = 7*p - 34. What is the remainder when p is divided by 32?
30
Calculate the remainder when 3*7*(-8)/(-24) is divided by 6.
1
Suppose 43 + 5 = 4*n. Suppose -n*s = -7*s - 85. What is the remainder when 67 is divided by s?
16
Suppose 0*m = 5*i + 3*m - 414, -2*i - 4*m = -160. Suppose g - l - 56 = -2*g, g = l + 22. What is the remainder when i is divided by g?
16
Suppose 0 = 49*g - 27*g - 4444. What is the remainder when g is divided by 21?
13
Suppose 0*c - 2*c = -4*l + 8, -4*l = c + 10. Let s(x) = -x**2 - 8*x - 6. Let o be s(c). Suppose o = 4*h - 2. What is the remainder when 3 is divided by h?
1
Let v(p) = 3*p**2 + 2*p - 2. Let h be v(-2). Let l(y) = -y**3 + 5*y**2 + 7*y + 4. Let s = 135 + -96. Calculate the remainder when s is divided by l(h).
9
Let i(d) = -d**3 + 8*d**2 - 11*d + 31. What is the remainder when 21 is divided by i(7)?
0
Let t = 146 + 21. Suppose 3*r = t - 38. What is the remainder when r is divided by 24?
19
Let c(z) = -z**3 - 8*z**2 - z - 6. Let f be c(-8). Suppose j + 0*b - f*b = 12, 2*j + 21 = -5*b. Let p = j + 2. What is the remainder when 5 is divided by p?
1
Let p = 685 - 488. What is the remainder when p is divided by 33?
32
Let b(r) = 4*r**3 - r**2 + 2*r + 1. Let j be 4 - 7/2*-2. Suppose j*u + 60 = 16*u. Calculate the remainder when b(2) is divided by u.
9
Let g = 62 - 46. Suppose b = 2*h + 6*b + 10, 0 = 2*h - 3*b + 10. Let s = 4 - h. What is the remainder when g is divided by s?
7
Let u = 6 - 4. Let t(v) = 4*v**2 + 4*v + 2. Let r be ((-2)/8)/(7*1/28). What is the remainder when u is divided by t(r)?
0
Let x(b) = -12*b - 214. Calculate the remainder when 591 is divided by x(-24).
73
Let h = 51 + -49. Suppose -h*t = 3*l - 7 - 47, 3*l = 4*t - 126. Calculate the remainder when t is divided by 8.
6
Let h(i) = -i + 1. Let c(w) = -16*w - 7*w**2 - 9 + 23 + 2*w**2 + 3*w**2. Let v(g) = c(g) - 6*h(g). What is the remainder when 15 is divided by v(-5)?
7
Suppose 556*q = 555*q + 83. Calculate the remainder when q is divided by 42.
41
Let x(o) = -4*o + 1. Let t(k) = -k**2 - 8*k + 6. Let b(w) = -3*w + 6. Let g be b(5). Let s be t(g). What is the remainder when 49 is divided by x(s)?
10
Suppose 208 = 5*g - g. Suppose v = -4*u + g, -5*u + v + 78 = -v. What is the remainder when u is divided by 5?
4
Let t be ((-27)/(-12))/((-6)/(-16)). Suppose -t*b = -5*b - 38. Calculate the remainder when b is divided by 21.
17
Suppose 11*s = -0*s + 429. Suppose -2*z + 2 = 3*o - 26, -2*o + z = -21. What is the remainder when s is divided by o?
9
Suppose 57*u + 490 - 1687 = 0. Calculate the remainder when 106 is divided by u.
1
Let w(t) = t**2 - 2. Calculate the remainder when w(4) is divided by 4.
2
Suppose 0*d - d - 2*y = -93, 4*d + 2*y = 366. Let q = d + -11. Calculate the remainder when q is divided by 21.
17
Suppose 4*q - 1 = 4*v + 151, 5*q = v + 210. Suppose -15*a = -24 - 111. Calculate the remainder when q is divided by a.
7
Suppose 0 = -6*p - 23 + 119. Calculate the remainder when 74 is divided by p.
10
Let v(u) = 2*u + 6. Let b be v(11). Suppose 2*l - 2*s - b = 0, 0 = -s - s - 6. What is the remainder when 64 is divided by l?
9
Let y = -872 - -891. What is the remainder when 224 is divided by y?
15
Let y = 14 + -10. Let j be (-1 + y - 0) + -21. What is the remainder when 27 is divided by 64/6 - (-12)/j?
7
What is the remainder when 121 is divided by (-2)/6 + (-4453)/(-219)?
1
What is the remainder when 82 is divided by 11 - ((-8)/(-10))/(17/(-85))?
7
Let i = 182 - 118. Calculate the remainder when i is divided by 39.
25
Let y = 16 - 10. Let j(c) = 21*c. Let t = -16 - -17. What is the remainder when j(t) is divided by y?
3
Let n(q) = q**3 + 6*q**2 + q - 1. Let x(a) = 4*a - 3. Let o be x(0). What is the remainder when 64 is divided by n(o)?
18
What is the remainder when -2*(0 + -2 + 5 - 13) is divided by 11?
9
Let v = 17 + -14. Let d be 6/(-4 + v/1). Let g(k) = k**2 + 3*k - 1. Calculate the remainder when 67 is divided by g(d).
16
Let c = -273 + 319. What is the remainder when 1 + 408/(6/2) is divided by c?
45
Let i = -898 + 923. Calculate the remainder when i is divided by 9.
7
Let s = 649 - 395. What is the remainder when s is divided by 2?
0
Suppose p - 4*p + 171 = 0. Suppose 4*s - 25 = -5. Suppose -s*l + l = -60. What is the remainder when p is divided by l?
12
Let p(q) = 4*q. Let y be p(4). Let t be 2/(y/(-6) - -2). Calculate the remainder when 49 is divided by -2 - -14 - t/3.
10
Suppose 29*m = -1 + 204. Calculate the remainder when 74 is divided by m.
4
Let y = 14 - 10. Let a be (27/y)/(3/(-12)). Let b = -18 - a. What is the remainder when b is divided by 5?
4
Calculate the remainder when 0 - (4 - (6 - -75)) 